e factors of 25594899?
3, 11, 775603
What are the prime factors of 13807040?
2, 5, 13, 3319
List the prime factors of 3269728.
2, 7, 11, 1327
What are the prime factors of 699426?
2, 3, 7, 13, 61
What are the prime factors of 2951837?
7, 421691
List the prime factors of 390142.
2, 195071
What are the prime factors of 2612313?
3, 11, 26387
List the prime factors of 27207474.
2, 3, 7, 659, 983
List the prime factors of 353537.
349, 1013
What are the prime factors of 23404515?
3, 5, 769, 2029
List the prime factors of 1414350.
2, 3, 5, 7, 449
What are the prime factors of 827815?
5, 17, 9739
What are the prime factors of 191606?
2, 95803
What are the prime factors of 9721163?
9721163
List the prime factors of 1443299.
11, 13, 10093
List the prime factors of 1123989.
3, 17, 22039
What are the prime factors of 621569?
13, 137, 349
List the prime factors of 7637656.
2, 13, 23, 31, 103
What are the prime factors of 949164?
2, 3, 19, 23, 181
List the prime factors of 15038620.
2, 5, 283, 2657
What are the prime factors of 2269300?
2, 5, 11, 2063
What are the prime factors of 6237922?
2, 23, 135607
What are the prime factors of 4760393?
11, 19, 22777
What are the prime factors of 131115?
3, 5, 8741
List the prime factors of 395703.
3, 7, 11, 571
List the prime factors of 397313.
7, 211, 269
What are the prime factors of 37598874?
2, 3, 6266479
What are the prime factors of 1374748?
2, 343687
What are the prime factors of 1006696?
2, 19, 37, 179
List the prime factors of 416659.
416659
List the prime factors of 4511850.
2, 3, 5, 7, 4297
List the prime factors of 10352155.
5, 11, 71, 241
List the prime factors of 622928.
2, 38933
List the prime factors of 1196873.
1196873
What are the prime factors of 15769819?
13, 1213063
List the prime factors of 30147703.
3727, 8089
List the prime factors of 104800.
2, 5, 131
List the prime factors of 178815.
3, 5, 7, 13, 131
List the prime factors of 2852805.
3, 5, 23, 8269
What are the prime factors of 557935?
5, 7, 19, 839
What are the prime factors of 515800?
2, 5, 2579
List the prime factors of 7201544.
2, 7, 128599
What are the prime factors of 5002185?
3, 5, 333479
List the prime factors of 3630450.
2, 3, 5, 24203
What are the prime factors of 340180?
2, 5, 73, 233
List the prime factors of 34020.
2, 3, 5, 7
What are the prime factors of 286778?
2, 223, 643
What are the prime factors of 5683755?
3, 5, 7, 11, 19, 37
List the prime factors of 138074.
2, 17, 31, 131
What are the prime factors of 707649?
3, 139, 1697
What are the prime factors of 7866292?
2, 7, 280939
List the prime factors of 7586793.
3, 842977
What are the prime factors of 166177?
11, 15107
List the prime factors of 700812.
2, 3, 7, 103
List the prime factors of 1386800.
2, 5, 3467
What are the prime factors of 183317?
183317
What are the prime factors of 154767?
3, 23, 2243
List the prime factors of 668408.
2, 13, 6427
List the prime factors of 2157911.
7, 47, 937
What are the prime factors of 45108650?
2, 5, 17, 53069
List the prime factors of 2952034.
2, 61, 24197
List the prime factors of 1367816.
2, 37, 4621
List the prime factors of 435269.
281, 1549
What are the prime factors of 447631?
461, 971
What are the prime factors of 138202?
2, 43, 1607
List the prime factors of 864197.
233, 3709
What are the prime factors of 725859?
3, 80651
List the prime factors of 543501.
3, 7, 8627
List the prime factors of 2802881.
2802881
What are the prime factors of 31845?
3, 5, 11, 193
List the prime factors of 978402.
2, 3, 29, 5623
What are the prime factors of 268242?
2, 3, 13, 19, 181
What are the prime factors of 649342?
2, 149, 2179
What are the prime factors of 1055448?
2, 3, 107, 137
What are the prime factors of 605169?
3, 19, 3539
List the prime factors of 875943.
3, 97327
What are the prime factors of 22919825?
5, 17, 199, 271
What are the prime factors of 5816926?
2, 19, 153077
What are the prime factors of 5691069?
3, 367, 1723
What are the prime factors of 275713?
293, 941
List the prime factors of 39825641.
83, 439, 1093
What are the prime factors of 323395?
5, 64679
What are the prime factors of 8019512?
2, 17, 58967
List the prime factors of 898190.
2, 5, 89819
What are the prime factors of 283637?
283637
What are the prime factors of 1185996?
2, 3, 7, 2017
What are the prime factors of 153023?
13, 79, 149
List the prime factors of 503638.
2, 419, 601
What are the prime factors of 1409133?
3, 11, 42701
What are the prime factors of 1333790?
2, 5, 133379
List the prime factors of 213314.
2, 106657
What are the prime factors of 4183427?
43, 271, 359
What are the prime factors of 298301?
199, 1499
What are the prime factors of 7016018?
2, 3508009
List the prime factors of 852367.
852367
What are the prime factors of 986373?
3, 109597
List the prime factors of 30335.
5, 6067
What are the prime factors of 14192472?
2, 3, 7, 23, 3673
List the prime factors of 11810657.
11810657
What are the prime factors of 17559519?
3, 5853173
What are the prime factors of 19154127?
3, 6384709
List the prime factors of 1550807.
199, 7793
What are the prime factors of 8911967?
8911967
What are the prime factors of 202505?
5, 101, 401
List the prime factors of 1378204.
2, 127, 2713
List the prime factors of 7605171.
3, 7, 17, 263
What are the prime factors of 7959192?
2, 3, 541, 613
List the prime factors of 2559105.
3, 5, 29, 37, 53
What are the prime factors of 416621?
416621
What are the prime factors of 3467165?
5, 13, 41, 1301
What are the prime factors of 3207042?
2, 3, 178169
List the prime factors of 25137658.
2, 7, 13, 59, 2341
List the prime factors of 6162826.
2, 3081413
List the prime factors of 2143664.
2, 133979
What are the prime factors of 965239?
11, 47, 1867
List the prime factors of 1737289.
79, 21991
List the prime factors of 461624.
2, 19, 3037
List the prime factors of 428087.
11, 38917
List the prime factors of 1097799.
3, 365933
What are the prime factors of 15681723?
3, 5227241
What are the prime factors of 2593406?
2, 1296703
What are the prime factors of 1621201?
23, 70487
What are the prime factors of 2691121?
37, 72733
List the prime factors of 12129956.
2, 43, 109, 647
List the prime factors of 9137235.
3, 5, 609149
What are the prime factors of 3677583?
3, 7, 13, 19, 709
List the prime factors of 6883382.
2, 11, 29, 10789
What are the prime factors of 5894688?
2, 3, 61403
List the prime factors of 214461.
3, 13, 47
What are the prime factors of 313811?
109, 2879
List the prime factors of 222519.
3, 11, 613
List the prime factors of 1298691.
3, 144299
List the prime factors of 10179644.
2, 41, 62071
List the prime factors of 71330.
2, 5, 7, 1019
What are the prime factors of 1291427?
23, 56149
What are the prime factors of 28830105?
3, 5, 640669
What are the prime factors of 3720709?
41, 90749
What are the prime factors of 164776?
2, 43, 479
List the prime factors of 1616203.
149, 10847
List the prime factors of 4870537.
7, 695791
List the prime factors of 12235593.
3, 29, 140639
What are the prime factors of 787458?
2, 3, 7, 18749
List the prime factors of 509352.
2, 3, 19, 1117
List the prime factors of 427215.
3, 5, 19, 1499
List the prime factors of 16833197.
109, 389, 397
What are the prime factors of 1214529?
3, 404843
List the prime factors of 11886.
2, 3, 7, 283
List the prime factors of 239305.
5, 11, 19, 229
List the prime factors of 7843095.
3, 5, 13, 41, 109
What are the prime factors of 389632?
2, 761
What are the prime factors of 24999336?
2, 3, 103, 3371
List the prime factors of 16630790.
2, 5, 11, 151189
List the prime factors of 7625834.
2, 23, 165779
List the prime factors of 5983542.
2, 3, 23, 97, 149
List the prime factors of 124520.
2, 5, 11, 283
List the prime factors of 3736459.
139, 26881
List the prime factors of 694190.
2, 5, 7, 47, 211
What are the prime factors of 28922968?
2, 727, 4973
What are the prime factors of 2240115?
3, 5, 149341
List the prime factors of 202879.
202879
List the prime factors of 10622609.
463, 22943
What are the prime factors of 702984?
2, 3, 17, 1723
What are the prime factors of 731309?
613, 1193
List the prime factors of 24184684.
2, 23, 262877
What are the prime factors of 302319?
3, 11197
What are the prime factors of 1813821?
3, 157, 3851
What are the prime factors of 